ose 3*c + 40 = -4*q, 2 = -2*q + c - 8. Let p be x(q). Suppose -p - 590 = -6*g. List the prime factors of g.
2, 3
Let l(k) = -392*k - 415. What are the prime factors of l(-16)?
5857
Let w be (-795)/212*(-4)/5. List the prime factors of 162 + 6 + -4 + w.
167
Let u(l) = 3*l - 22. Let y be u(10). List the prime factors of y*(-2)/(-16) + 946.
947
Suppose -5*m = -m + 8, m + 6187 = 5*q. List the prime factors of q.
1237
List the prime factors of -339*(488/(-24) - 6).
79, 113
Suppose -16*z + 11*z = 39625. List the prime factors of z/(-5)*(-2 - (-52)/20).
3, 317
Let s = 2 + 2. Suppose -2259 = -3*y + 2*o, 605*o = 2*y + 607*o - 1526. Suppose y = s*v + 225. What are the prime factors of v?
7, 19
Suppose 3*m - 1119 + 319 = -2*d, 5*m = -4*d + 1336. Let a = 824 - m. What are the prime factors of a?
2, 5, 7
Suppose 4*w + h - 4*h - 30 = 0, -w + 10 = -2*h. Suppose 204 = 5*l - 3*l - 2*q, 3*l + 2*q - 301 = 0. Let i = l - w. What are the prime factors of i?
5, 19
Let m(s) = 689*s**2 - 55*s + 165. What are the prime factors of m(3)?
3, 13, 53
Suppose 2*p = -3*f + 21, 3*f - p - 19 = -7. Suppose -3*t = t - 2*z - 2, -2*z + 16 = f*t. Suppose -c = -9 - t. What are the prime factors of c?
11
Let y(q) = -q**3 - q**2 - q - 1. Let v(g) be the first derivative of g**3/3 - g - 33. Let p(f) = -v(f) + y(f). What are the prime factors of p(-2)?
2
Suppose -1348*d + 1424*d = 2305688. List the prime factors of d.
2, 7, 11, 197
Suppose 5*j + 1601 = 2*m, -j = 2*m - 142 + 467. Let y(t) = 94*t - 205. Let f be y(7). Let n = j + f. List the prime factors of n.
2, 3, 11
Let a(d) = -3*d - 12. Let s be a(-6). Suppose -598 = -5*x - 4*r, 4*x - s*x + 247 = -r. List the prime factors of x.
2, 61
Let c be (20/1)/((-4)/4). List the prime factors of (-5)/2*12928/c.
2, 101
Suppose -5*y = -7*p + 50969, -p + 42*y + 7286 = 46*y. What are the prime factors of p?
2, 11, 331
Let q be 2/(-12) + 4/24. Let t(x) be the first derivative of -x**4/4 + x**2 + 52*x - 33. What are the prime factors of t(q)?
2, 13
Let b be (9 - -27)*3/(-6). Let y(h) = -h**3 - 18*h**2 - 9*h - 27. List the prime factors of y(b).
3, 5
Let a be (27/2)/(6 - 5140/856). Let c = -1542 - a. What are the prime factors of c?
3, 449
Let l be 80102/88 - 1*(-3)/(-12). Let z = 1295 - l. What are the prime factors of z?
5, 7, 11
Suppose -4*h + 2*l + 74 = 0, 46 = 4*h + 4*l - 58. Let p be (-1 - -554)*6/h. Suppose -p = -j - j. What are the prime factors of j?
79
Let h be (0 + (-8)/(-16))/(1/(-2)). Let a(g) = 70*g + 12. Let v(n) = n + 1. Let f(q) = -a(q) + 6*v(q). List the prime factors of f(h).
2, 29
List the prime factors of 12 - (-34)/(-2) - -26648.
3, 83, 107
Suppose -4*b + 1455 = -b + 3*o, 5*b - 2421 = -3*o. List the prime factors of b - (7 - (-5 + 21)).
2, 3, 41
Suppose p - 125 = -38. Suppose -2*c + p + 187 = 2*x, 0 = 4*x - 20. Let w = c + -55. What are the prime factors of w?
7, 11
Let k(w) be the second derivative of 17*w**4/6 - 2*w**3/3 - 3*w**2/2 + 12*w + 8. What are the prime factors of k(-3)?
3, 5, 7
Let q = 31 + 255. Suppose 5*v - 1666 = -q. Suppose 5*z + z = v. List the prime factors of z.
2, 23
Let a = 1113 - -2351. List the prime factors of a.
2, 433
Let n be 11 + -2*1/(-2). Let i = 8836 + -8830. Suppose -n*v + i*v = -1368. List the prime factors of v.
2, 3, 19
Suppose 0 = -4*n - 5*t + 101089, 0 = -t - 3629 + 3634. List the prime factors of n.
2, 3, 4211
Suppose -59104 = -2*f - 4*a, 4*a - 118158 = -4*f + 6*a. List the prime factors of f.
2, 14771
Let s(n) be the third derivative of -31*n**4/12 + 35*n**3 - 284*n**2. What are the prime factors of s(-21)?
2, 3, 7
Suppose -22*s + 21*s = -4. Suppose s*j + 0*j = -12, -a = j - 2. Suppose 0*y + a*y - 478 = -4*g, 0 = 4*y - 5*g - 366. List the prime factors of y.
2, 47
Suppose 0 = 4*y - 4*r - 64, -2*r + 12 = y - 1. Let m(x) = x**3 - 7*x**2 + 9*x + 9. Let z be m(7). What are the prime factors of (z/y)/(2/60)?
2, 3
Suppose -32979 = -3*j + 2*i, 4*i + 19856 = 3*j - 13135. List the prime factors of j.
3, 11, 37
List the prime factors of ((-756)/48)/(39/(-8476)).
3, 7, 163
Suppose 139928 + 191019 = 23*t. List the prime factors of t.
14389
Let t be (2 - 3)/(8/24). List the prime factors of (-9008)/(-48) + (-1)/t.
2, 47
Suppose 2*b = -3*q - 6, 3*q = -5*b + 4*q + 2. Suppose b = -u - 5*z + 369, -3*u + 421 = -4*z - 610. List the prime factors of u.
349
Let l be -4*(-2)/(-12)*-3. Let q(t) = 6 + 7*t + 7*t - 6. What are the prime factors of q(l)?
2, 7
Let x(q) = -4*q**2 + 2*q + 4. Let z be x(-4). Let l = 68 + z. Suppose l = -5*m + 2*b + 238, -5*m + 159 + 75 = -b. What are the prime factors of m?
2, 23
Let m be (-3)/(9/(-456)) - 3. Suppose -m = -3*w - 2*p - 962, -w + 4*p - 285 = 0. Let t = w - -566. What are the prime factors of t?
293
Suppose -11*l = -10*l. Suppose -5*k = -5*v, -4*v = -k - 6 - l. Suppose 53 = 5*r + 3*w, -6*w + 22 = v*r - 5*w. What are the prime factors of r?
13
Suppose 0 = 429*l - 3795050 + 544088. List the prime factors of l.
2, 3, 421
Let s(r) = 3387*r + 3318. What are the prime factors of s(18)?
2, 3, 11, 487
Let y = 191 - 189. Suppose -5*j + 217 = y*z, 3*z + 102 = 17*j - 15*j. What are the prime factors of j?
3, 5
Suppose -17*w + 854970 = 348096 - 261900. What are the prime factors of w?
2, 3, 7537
Let v = -1859 - -770. Let i = 1853 + v. What are the prime factors of i?
2, 191
Let i = -46000 - -66580. Suppose -28*y = 2*y - i. What are the prime factors of y?
2, 7
Let h(p) = p**3 - 12*p**2 + 16*p + 11. What are the prime factors of h(31)?
2, 11, 853
Let g be (-2)/(-2) - (1 - -88). Suppose -25694 = -144*h + 2386. Let b = h + g. List the prime factors of b.
107
What are the prime factors of 13264/(-12)*378/(-56)?
3, 829
Let g = 37 + -35. Suppose 0*a + g*a = -n, -5*n = -2*a. Let y(i) = -i**2 + i + 97. What are the prime factors of y(a)?
97
Suppose -492 = 4*h - 4*i, 0 = 2*h - 4*h - 4*i - 270. Let p = h + 656. List the prime factors of p.
23
Let f = -100 + 91. Let p be 7/70 - f/10. What are the prime factors of ((-15)/(-2) - 4)*34 - p?
2, 59
Let i be -8*(-12)/(-528) - 40/22. Let c(t) = 75*t**2 + 3*t + 2. What are the prime factors of c(i)?
2, 37
Let t(d) = 14*d**2 + 60*d + 651. List the prime factors of t(-38).
18587
Let g be (13 - -849)/((-6)/(-15)). List the prime factors of (-12)/66 + (-2)/((-110)/g).
3, 13
Let x(y) = -5*y + 13. Let h be x(2). Suppose 6*s - h*s - 483 = 0. What are the prime factors of s?
7, 23
List the prime factors of (-45516)/(-16) + (-69)/92.
2, 3, 79
What are the prime factors of (39060/(-108))/(2/18)*(-352)/40?
2, 3, 7, 11, 31
Let m(y) = 20*y - 11. Let u be m(1). Suppose 0 = 5*b - 2*b - 186. Suppose 7*a = u*a - b. What are the prime factors of a?
31
Suppose -5*h + 26 = g, -g = h - 9 - 9. What are the prime factors of (1/(15/(-6)))/(g/(-2640))?
2, 3, 11
Suppose 5*y - 59 = -4*v, y - 9*v - 19 = -8*v. Suppose y*j = -4*j + 21850. What are the prime factors of j?
2, 5, 23
Let a(b) = 59*b - 685. Let r be a(17). Suppose -n + 6*n - 111 = -p, p + n = 103. Let i = r - p. What are the prime factors of i?
7, 31
Suppose 21*g - 20*g = -5*t + 117952, -7*t + 165128 = 3*g. What are the prime factors of t?
31, 761
Let l be (-72)/42*(-133)/57. Let i = -101 - -194. Suppose -107 = -l*v + i. List the prime factors of v.
2, 5
Suppose 38383 - 110427 = -14*r. Suppose 0 = 14*i - r - 8322. List the prime factors of i.
2, 13, 37
Suppose -256 = 199*t + 57*t. Suppose 2*g + 7 + 1 = 0, 4*b = -3*g - 12. What are the prime factors of (-1)/((-2)/28) - (b + t)?
3, 5
Let q = -65 + 68. Suppose 3*b + 3*a + 5 - 23 = 0, 0 = -3*a - q. Suppose b*s - 5*s = 280. What are the prime factors of s?
2, 5, 7
Let o = -48 - -233. Let u = -82 + o. What are the prime factors of u?
103
Let b(j) = 14*j + 645. Suppose 11*r = -12 + 12. List the prime factors of b(r).
3, 5, 43
Let g(q) = 253 - 505 + 254 - 17*q + 17*q**2. What are the prime factors of g(5)?
2, 3, 19
What are the prime factors of (-488)/61 + (50881 - 0)?
50873
Let p = -313 + 313. Suppose -5*r - z + 8125 = p, 4*r - 6500 = 15*z - 20*z. List the prime factors of r.
5, 13
Let x = 562 - -782. Suppose -5*q - 5*s + 2280 = 0, 0 = q + 2*q - 5*s - x. List the prime factors of q.
3, 151
Let u be 3 - 3 - 3*(-2)/3. Let f(p) = -p**2 + 1 - u*p - 8*p + 12*p + 12*p. What are the prime factors of f(12)?
5
Suppose 9*p - 2*p - 2163 = 0. Let u be 4/((-80)/(-236))*(6 - 1). Suppose 